{"id":42,"date":"2018-04-25T12:03:48","date_gmt":"2018-04-25T10:03:48","guid":{"rendered":"http:\/\/blogs.hec.uliege.be\/~seminarwp\/?page_id=42"},"modified":"2018-04-25T12:10:08","modified_gmt":"2018-04-25T10:10:08","slug":"2008-2007","status":"publish","type":"page","link":"http:\/\/seminar.hec.ulg.ac.be\/index.php\/agenda\/2008-2007\/","title":{"rendered":"2008-2009"},"content":{"rendered":"<h1>Research Seminar 2008-2009<\/h1>\n<p><strong>Titles, abstracts and documents :<\/strong><\/p>\n<ul>\n<li><strong>August 2009, wednesday 26 :\u00a0<\/strong>Vehicle loading optimization with stochastic supply &#8211; models, by David Kronus, visinting researcher of QuantOM, HEC-ULg. (B31, 11:00 AM)<\/li>\n<li><strong>August 2009, friday 28 :\u00a0<\/strong>Vehicle loading optimization with stochastic supply &#8211; implementation in AIMMS, by David Kronus, visinting researcher of QuantOM, HEC-ULg. (B31, 14:00 AM)<br \/>\n<blockquote><p><strong>Abstract :\u00a0<\/strong>In this technical presentation we describe our implementation of solution techniques based on the deterministic and stochastic models introduced in the previous seminar. We present a project in AIMMS which contains the implementation and we focus on features related to stochastic aspects of the model. In particular we explain in detail how scenarios can be generated in AIMMS using a built-in support module and how scenario-based deterministic equivalent of a stochastic model can be automatically created. Part of the implementation in AIMMS is also a testing framework which we use to evaluate the performance of the indiviual solution techniques.<\/p><\/blockquote>\n<\/li>\n<li><strong>June 2009, wednesday 24\u00a0<\/strong>: Operations research methods for electricity markets, by Yves Langer, HEC-ULg and Belpex (S\u00e9minaire 11 -B31, 12:00-14:00)<\/li>\n<li><strong>June 2009, monday 15\u00a0<\/strong>: Constraint programming: hands on COMET software, by Pierre Schaus, BeCool Group UCL (<strong>Medialab<\/strong>\u00a0&#8211; B31, 9:00 &#8211; 12:00). Inscription required (attendants have to bring their laptop with COMET installed) : contact\u00a0<a href=\"mailto:vanessa.rosso@ulg.ac.be\">vanessa.rosso@ulg.ac.be<\/a>.<\/li>\n<li><strong>June 2009, friday 5\u00a0<\/strong>:\u00a0<a href=\"http:\/\/www.seminar.hec.ulg.ac.be\/docs\/Sem09.06.05%20Marketing.pdf\">Innovation and Marketing Research Day<\/a>\u00a0(Salle du Conseil, 9:00 &#8211; 18:00) with scholars from Belgian and Dutch universities and\n<ul>\n<li><span lang=\"EN-GB\">Prof. Erik Hultink: Delft University<\/span><\/li>\n<li><span lang=\"EN-GB\">Prof: Chantal De Morloose : Louvain la neuve<\/span><\/li>\n<li><span lang=\"EN-GB\">Prof: Jhan Van Rekom : Rotterdam School of Management<\/span><\/li>\n<li><span lang=\"EN-GB\">Prof\u00a0 Hans Ouwersloot :Maastricht University<\/span><\/li>\n<li><span lang=\"NL\">Prof: Sandra Strukens: Haaselt University<\/span><\/li>\n<li><span lang=\"EN-GB\">Prof: Allard Van Riel: University of Liege<\/span><\/li>\n<li><span lang=\"EN-GB\">Prof: Charles Pahud de Mortanges: University of Liege<\/span><\/li>\n<\/ul>\n<\/li>\n<li><strong>June 2009, friday 5\u00a0<\/strong>:\u00a0<a href=\"http:\/\/www.seminar.hec.ulg.ac.be\/docs\/Sem09.06.05%20Cera.pdf\">L\u2019innovation sociale dans le mod\u00e8le qu\u00e9b\u00e9cois : la part de la soci\u00e9t\u00e9 civile<\/a>\u00a0, par M. Pr. Denis Harrisson, Directeur du CRISES \u2013 Centre de recherche sur les innovations sociales, UQAM \u2013 Universit\u00e9 de Qu\u00e9bec \u00e0 Montr\u00e9al, Qu\u00e9bec (<strong>Trifac 3<\/strong>\u00a0&#8211; B33, 12:30 &#8211; 14:00). S\u00e9minaire conjoint avec la Chaire Cera en Entrepreneuriat et Management de l\u2019Economie Sociale<\/li>\n<li><strong>May 2009, friday 15\u00a0<\/strong>:\u00a0<a href=\"http:\/\/www.seminar.hec.ulg.ac.be\/docs\/sem09.02.24%20De_Scheemaekere_paper.pdf\">Risk indifference pricing and backward stochastic differential equations<\/a>, by Xavier De Scheemaekere, Solvay Business School, ULB (<strong>334<\/strong>\u00a0&#8211; N1, 12:30 &#8211; 14:00)<\/li>\n<li><strong>May 2009, tuesday 12<\/strong>\u00a0:<a href=\"http:\/\/www.seminar.hec.ulg.ac.be\/docs\/Sem09.03.19%20Market_Liquidity_WP.pdf\">Market Liquidity as Dynamic Factors<\/a>, by Charles Mathias, ULB (315-N1, 12:30 &#8211; 14:00)<\/li>\n<li><strong>May 2009, friday 8<\/strong>\u00a0: \u00ab\u00a0So pensions in Europe will remain sustainable. But will they remain adequate?\u00a0\u00bb by Raphael Desmet and Gijs Dekkers (Bureau du Plan). (TriFac 2, 13:30-15)<\/li>\n<li><strong>April 2009, Monday 20<\/strong>\u00a0:\u00a0<a href=\"http:\/\/www.seminar.hec.ulg.ac.be\/docs\/Sem.09.04.20%20Degre_resume.pdf\">Dynamiques d&rsquo;apprentissage inter-organisationnel : \u00e9tapes critiques, enjeux et bonne pratiques<\/a>, par Julie Degr\u00e9 (LENTIC) (12h00-14h00, SDC, B31)<\/li>\n<li><strong>March 2009, friday 27<\/strong>\u00a0: \u00ab\u00a0R\u00e9duction de la pauvret\u00e9\u00a0\u00bb , par F. Bourguignon (Directeur PSE). (9h00-12h00, Auditoire Laurent (B31)<\/li>\n<li><strong>February 2009, thursday 19\u00a0<\/strong>:\u00a0<a href=\"http:\/\/www.seminar.hec.ulg.ac.be\/docs\/Sem09.02.19%20Verluyten.pdf\">Culturele verschillen in de zakenwereld: het geval Belgi\u00eb &#8211; Nederland<\/a>, by Paul Verluyten, professeur \u00e0 l&rsquo;Universiteit Antwerpen et sp\u00e9cialis\u00e9 en communication interculturelle (17h &#8211; 18h30, room 126, N1)<\/li>\n<li><strong>February 2009, wednesday 11<\/strong>\u00a0: Constraint Programming, Mathematical Programming and Local Search : the\u00a0<a href=\"http:\/\/www.dynadec.com\/\">COMET<\/a>\u00a0Project, by Pascal Van Henteryck, Brown University, USA.(16h00-18h00, SDC, B31)<\/li>\n<li><strong>February 2009, thursday 5\u00a0<\/strong>:\u00a0<a href=\"http:\/\/www.seminar.hec.ulg.ac.be\/docs\/sem09.01.22%20Duclaux.pdf\">R\u00e8glementation et mod\u00e8le de pr\u00e9vision de difficultu\u00e9s bancaires en zone CEMAC<\/a>, par Duclaux Soupmo Badjio, HEC-ULg (12h30-14h, room 315, N1)<\/li>\n<li><strong>February 2009, tuesday 3\u00a0<\/strong>: Appointment Scheduling with Discrete Random Durations (<a href=\"http:\/\/www.seminar.hec.ulg.ac.be\/docs\/Sem.09.02.03%20Queyranne_abstract.pdf\">abstract<\/a>\u00a0&#8211;\u00a0<a href=\"http:\/\/www.seminar.hec.ulg.ac.be\/docs\/Sem09.02.04%20Queyranne.ppt\">presentation<\/a>), by Maurice Queyranne, Sauder School of Business, Canada (14h30-16h, room seminaire12, B31)<\/li>\n<li><strong>December, friday 19<\/strong>\u00a0:\u00a0<a href=\"http:\/\/www.seminar.hec.ulg.ac.be\/docs\/sem08.12.19%20TeresaNelson.doc\">Gender and entrepreuneurship<\/a>, by Mrs. Teresa Nelson, Simmons School of Management, Boston, Massachusetts. (room 315 \/ N1,\u00a0<strong>9h &#8211; 13h<\/strong>)<br \/>\n<blockquote><p><strong>abstract\u00a0<\/strong>(in french :\u00a0<a href=\"http:\/\/www.seminar.hec.ulg.ac.be\/docs\/sem08.12.19%20TeresaNelson.doc\">invitation<\/a>):<strong><br \/>\n<\/strong>Professor Nelson&rsquo;s recent research is focused on the intersection of gender and entrepreneurship and the project she will discuss involves the ways that successful women entrepreneurs perceive gender as a factor they must manage as they seek to acquire essential organizational resources. Nelson and her colleagues interviewed 20 women founder\/CEOs in California and Massachusetts who had successfully accessed venture capital for their firms. The results of the research show how being a woman is relevant to women&rsquo;s entrepreneurial business success, and how women strategize and manage the gendered landscape. Nelson will also discuss generally the status of women entrepreneurs in the United States and the particular opportunities and challenges they face.<\/p><\/blockquote>\n<\/li>\n<li><strong>December, monday 15<\/strong>\u00a0: Does Volatility matter? Expectations of price return and variability in an asset pricing experiment. Miss Francesca Pancotto, PhD. Scuola Superiore S. Anna, Pisa (f.pancotto@sssup.it). (local 315 \/N1, 16:00 -18:00)<br \/>\n<blockquote><p><strong>abstract:<\/strong>\u00a0We present results of an experiment on expectation formation in an asset market. We consider a simple market with a riskless bond and a risky stock.<br \/>\nIn the market, six experimental subjects must provide forecasts of the stock future return to computerized utility-maximizing investors, and are rewarded according to how well their forecasts perform in the market. We run two treatments to test the influence of perceived volatility on aggregate dynamics. In the Baseline treatment subjects must only forecast the stock future return one period ahead; in the Variance treatment, we also elicit subjects confidence intervals for their forecasts, which we take as a proxy for perceived volatility. The realized asset price is derived from a Walrasian market equilibrium equation with non-linear feedback from individual forecasts. Our experimental markets exhibit high volatility, fat tails and other properties typical of real financial data. Eliciting confidence intervals for predictions has the effect of reducing price fluctuations and increasing subjects&rsquo; coordination on a common prediction strategy.<\/p><\/blockquote>\n<\/li>\n<li><strong>December, thursday 4<\/strong>\u00a0:\u00a0<a href=\"http:\/\/www.seminar.hec.ulg.ac.be\/docs\/Sem08.12.04%20Inemek_abstract.doc\">Global Sourcing Strategies and Their Impacts on the Supplier Performance &amp; Innovation.<\/a>\u00a0by M. Aydin INEMEK, PhD, Dokuz Eylul University. (ainemek@yahoo.com)\u00a0<strong>au s\u00e9minaire 3 (B31) de 13h \u00e0 15h30<\/strong>.<br \/>\n<blockquote><p><strong>abstract:<\/strong>\u00a0Intense competitive pressures, in the global markets, have forced companies to find and select new supply sources in the worldwide for reducing cost and improving quality while simultaneously achieving high technology in the long term. On the other hand, realizing the impacts of suppliers and supplier relationships on the firm\u2019s performance and competitiveness has motivated firms to develop long-term strategic sourcing relationships with suppliers. The purpose of this study is to examine global sourcing relationships and to investigate the impacts of global buyers\u2019 sourcing strategies on the supplier performance and innovation. &#8230;<\/p><\/blockquote>\n<\/li>\n<li><strong>November, thursday 20\u00a0<\/strong>:\u00a0<a href=\"http:\/\/ideas.repec.org\/p\/eca\/wpaper\/2008_031.html\" target=\"_blank\" rel=\"noopener\">On the price elasticity of demand for patents<\/a><br \/>\nby Ga\u00e9tan de Rassenfosse, FNRS Research Fellow, ULB, Solvay Brussels School of Economics and Management (SBS-EM), ECORE (ECARES) and Bruno van Pottelsberghe de la Potterie, ULB, Solvay SA Chair of Technological Innovation, SBS-EM, ECORE (ECARES), Bruegel, Brussels and CEPR, London<br \/>\npresented by Ga\u00e9tan de Rassenfosse.<\/li>\n<li><strong>November, thursday 13\u00a0<\/strong>: A closer look at the relationship between life expectancy and economic growth, by Theophile Azomahou (Maastricht)(13:30 \u2013 15:00, room \u00ab\u00a0s\u00e9minaire 10\u00a0\u00bb)<br \/>\n<blockquote><p><b>abstract<\/b>: We first provide a nonparametric inference of the relationship between life expectancy and economic growth on an historical data for 18 countries over the period 1820-2005. The obtained shape shows up convexity for low enough values of life expectancy and concavity for large enough values. We then study this relationship on a benchmark model combining \u201cperpetual youth\u00a0\u00bb and learning-by-investing. In such a benchmark, the generated relationship between life expectancy and economic growth is shown to be strictly increasing and concave. We finally examine two models departing from \u201cperpetual youth\u00a0\u00bb by assuming successively age-dependent earnings and age-dependent survival probabilities. With age-dependent earnings, the obtained relationship is hump-shaped while agedependent survival laws do reproduce the convex-concave shape detected in the prior empirical study.<\/p><\/blockquote>\n<\/li>\n<li><strong>November, thursday 6\u00a0<\/strong>:\u00a0<a href=\"http:\/\/www.seminar.hec.ulg.ac.be\/docs\/Sem08.11.06%20JRSibille.pdf\">Correlation between the Recovery Rate and the Arrival Rate of Default. Application on the iTraxx.<\/a>\u00a0Joint work with G. H\u00fcbner, presented by Jean Roch Sybille (HEC-ULg).<br \/>\n<blockquote><p><strong>abstract:<\/strong>We study the effect of the relationship between the recovery rate (RR) and the probability of default (PD) in the traditional Monte Carlo credit risk model introduced by Li (1999) for the pricing of structured credit derivatives. The influence of this effect is particularly important if we consider extreme tranches of CDOs, because they are only reached when numerous defaults have arrived. This could be an explanation of the observed correlation smile on the market. The model is applied on a generic cash CDO and on the European iTraxx synthetic CDO index.<\/p><\/blockquote>\n<\/li>\n<li><strong>October, thursday 23<\/strong>\u00a0: (EC) Residential Segregation and Unemployment: The Case of Brussels, by Claire Dujardin (UCL). (13:30 \u2013 15:00, room \u00ab\u00a0s\u00e9minaire 10\u00a0\u00bb)<br \/>\n<blockquote><p><b>abstract<\/b>: This paper investigates the causal effects of the spatial organization of Brussels on unemployment propensities. Using Census data at the individual level, we estimate the unemployment probability of young adults while taking into account personal, household and neighbourhood characteristics. We solve the endogeneity of residential locations by restricting our sample to young adults residing with their parents, and evaluate the potential remaining bias by conducting a sensitivity analysis. Our results suggest that residing in a deprived neighbourhood significantly increases a youngster probability of being unemployed, a result which is quite robust to the presence of both observed and unobserved parental covariates.<\/p><\/blockquote>\n<\/li>\n<li><strong>October, thursday 16<\/strong>\u00a0: Explaining returns on venture capital backed companies: evidence from Belgium! Yan M. Alperovych and Georges H\u00fcbner, HEC-ULg Management School &#8211; University of Li\u00e8ge , presented by Yan Alperovych (12:30, room315,N1)<\/li>\n<li><strong>October, monday 6<\/strong>\u00a0:\u00a0<u>Interval representations of Boolean functions<\/u>, presented by David Kronus, Post-Do student at HEC-ULg (12h30, Salle du Conseil,B31)<br \/>\n<blockquote><p><b>abstract<\/b>: Boolean function on n variables is a mapping of Boolean vectors of length n to Boolean values (Boolean vectors contain just Boolean values 0,1, traditionally denoted as false and true). Boolean functions can be represented in many ways, the most usual forms are logical formulae and decision trees. One of the fundamental problems in the field of Boolean function is Boolean minimization where the task is to find a short representation of a given function. In my talk I will present a non-traditional representation of Boolean functions \u2013 the interval representation, its properties and relation to Boolean minimization.<\/p><\/blockquote>\n<\/li>\n<\/ul>\n","protected":false},"excerpt":{"rendered":"<p>Research Seminar 2008-2009 Titles, abstracts and documents : August 2009, wednesday 26 :\u00a0Vehicle loading optimization with stochastic supply &#8211; models, by David Kronus, visinting researcher of QuantOM, HEC-ULg. (B31, 11:00 AM) August 2009, friday 28 :\u00a0Vehicle loading optimization with stochastic<\/p>\n","protected":false},"author":1,"featured_media":0,"parent":21,"menu_order":0,"comment_status":"closed","ping_status":"closed","template":"","meta":{"_monsterinsights_skip_tracking":false,"_monsterinsights_sitenote_active":false,"_monsterinsights_sitenote_note":"","_monsterinsights_sitenote_category":0,"footnotes":""},"class_list":["post-42","page","type-page","status-publish","hentry"],"_links":{"self":[{"href":"http:\/\/seminar.hec.ulg.ac.be\/index.php\/wp-json\/wp\/v2\/pages\/42"}],"collection":[{"href":"http:\/\/seminar.hec.ulg.ac.be\/index.php\/wp-json\/wp\/v2\/pages"}],"about":[{"href":"http:\/\/seminar.hec.ulg.ac.be\/index.php\/wp-json\/wp\/v2\/types\/page"}],"author":[{"embeddable":true,"href":"http:\/\/seminar.hec.ulg.ac.be\/index.php\/wp-json\/wp\/v2\/users\/1"}],"replies":[{"embeddable":true,"href":"http:\/\/seminar.hec.ulg.ac.be\/index.php\/wp-json\/wp\/v2\/comments?post=42"}],"version-history":[{"count":3,"href":"http:\/\/seminar.hec.ulg.ac.be\/index.php\/wp-json\/wp\/v2\/pages\/42\/revisions"}],"predecessor-version":[{"id":58,"href":"http:\/\/seminar.hec.ulg.ac.be\/index.php\/wp-json\/wp\/v2\/pages\/42\/revisions\/58"}],"up":[{"embeddable":true,"href":"http:\/\/seminar.hec.ulg.ac.be\/index.php\/wp-json\/wp\/v2\/pages\/21"}],"wp:attachment":[{"href":"http:\/\/seminar.hec.ulg.ac.be\/index.php\/wp-json\/wp\/v2\/media?parent=42"}],"curies":[{"name":"wp","href":"https:\/\/api.w.org\/{rel}","templated":true}]}}